s digit of o?
3
Let i(v) be the second derivative of 11*v**3/6 - 9*v**2/2 - 29*v. Let f be i(4). Let g = f - -61. What is the tens digit of g?
9
Suppose -199020 = -4*g - 26*g. What is the thousands digit of g?
6
Suppose 5*f - 3*l + 5*l = 20, -2*f + 4*l - 16 = 0. What is the hundreds digit of (f/3)/(14/5481)?
2
Let m be ((-6)/(-9))/(7/(4725/6)). Suppose -8*j + 7*j + m = 0. What is the units digit of j?
5
Let c(k) = -k**3 - 10*k**2 - k + 100. Let u(i) = i**2 - i - 6. Let w be u(3). What is the hundreds digit of c(w)?
1
Let s be (2/4*-1)/(6/(-1584)). Suppose 0 = 3*j + 5*z - 155, s = 3*j + 3*z - 15. What is the tens digit of j?
4
Suppose 11*i = v + 16*i - 10539, -v = 4*i - 10538. What is the tens digit of v?
3
What is the units digit of (-656870)/(-90) + -8 - (-12)/27?
1
Let a(v) = v**2 + 12*v + 23. Let b be a(-10). Suppose 0 = -2*c - 8, 2*p + b*c = 2*c. What is the units digit of (p/(-3))/((-2)/12)?
4
Let f(b) = b**2 - 8*b + 2. Let s be f(8). Let t be (s - 38/10)*(-11 - -6). Suppose -t*z + 435 = -438. What is the units digit of z?
7
Suppose -74271 = -23*o - 763. What is the hundreds digit of o?
1
Suppose -10*m = -2*m - 40. Suppose q = -2*c - 0*q + 42, 0 = -m*q. What is the units digit of 90*(2 + -1)*28/c?
0
Let c be -15 + (-104)/(-8) + 1*487. Suppose -j + c = t, -4*t + 5*j - 8*j = -1943. What is the units digit of t?
8
Suppose -3*q = 2*v - 11, -17 = -5*q - 8*v + 4*v. Suppose q*l - 394 = d, -l + 4*d = -2*l + 83. What is the units digit of l?
9
Let l be (-5)/(-10) - -513*(-3)/6. Let o = l - -505. Let p = -150 + o. What is the units digit of p?
9
Suppose 82*z - 1088928 = 6*z. What is the tens digit of z?
2
Let y(p) be the third derivative of p**6/60 - p**5/40 - p**4/8 - 7*p**2. Let h(d) be the second derivative of y(d). What is the units digit of h(3)?
3
Let d = -5584 - -9902. What is the tens digit of d?
1
Let o(v) = -5*v + 59. Let b be o(11). Suppose c - d - 7 = -0, 3*c + b*d = 35. Suppose c*u - 10*u + 62 = 0. What is the tens digit of u?
6
Suppose 2*c + d + 2*d = -459, 0 = 2*c - d + 463. What is the tens digit of 4 - -2 - (c + 7)?
3
Let r(a) be the first derivative of 7*a**2 + 6*a - 3. Let l be r(2). Suppose 0*i - 3*t + l = i, t - 128 = -5*i. What is the tens digit of i?
2
Suppose -4*t + 199 = -3*a - 3*t, 5*t = 5*a + 335. Let i = 490 - a. What is the units digit of i?
6
Let z be (-12)/(-15)*(-130)/(-4). Suppose -x = -4*r - 269, 2*x - 4*r - 520 - z = 0. What is the tens digit of x?
7
Suppose -99331 = -4*q + 74*w - 71*w, 0 = -q + w + 24831. What is the hundreds digit of q?
8
Suppose 0 = 3*g + 20*k - 24*k + 1255, 5*k - 1250 = 3*g. Let b = g + 908. What is the units digit of b?
3
Suppose 48*i - 46*i + 2*t = 25842, 2*i - 25830 = t. What is the tens digit of i?
1
Let g(l) = 334*l**2 - 94*l + 2. What is the tens digit of g(5)?
8
Let h(f) = 865*f**3 - 11*f**2 + 10*f + 56. What is the units digit of h(3)?
2
Suppose k - 12 = -2. What is the units digit of 2882/7 + k/35?
2
Let s = -391 + 3291. What is the thousands digit of s?
2
Suppose 7*p + 644160 = 130*p - 3*p. What is the tens digit of p?
6
Let z = -409 + 923. Let h be (24/(-16))/(1/(-4)). Suppose -584 = -h*c + z. What is the units digit of c?
3
Suppose 5*g - 4*f = 96997 - 11505, 3*g + 2*f = 51326. What is the tens digit of g?
0
What is the tens digit of 3/((34/(-68))/((-42562)/12))?
8
Let z = -9039 + 17321. What is the tens digit of z?
8
Suppose -2*s = -4*k + 66402, 3*k - 5*s - 4085 = 45706. What is the thousands digit of k?
6
Let m(p) = 14*p**2 - 7*p + 32. Let a be m(-12). What is the hundreds digit of -6*(-5 + a/(-12) - 1)?
1
Let b(k) = -k**3 + 8*k**2 + 11*k - 20. Let r be b(9). Let v be 16*-2*r/(-8)*10. Let j = -34 - v. What is the tens digit of j?
4
Suppose 71 = 5*p + 51. Suppose -5*j - 4*n + 1589 = -819, 0 = p*j - n - 1939. What is the hundreds digit of j?
4
Let y be (1/((-9)/39))/1*24. Let o be 64/(-160) + (0 - y/10). Suppose o*d - 15*d + 395 = 0. What is the tens digit of d?
7
Let i be (114/15)/(2/20). Let j = 20 - i. Let u = j - -108. What is the tens digit of u?
5
Let r be 100/((3 - (-3 - -7))*-2). Let n = -19 + r. Let d = n + 205. What is the hundreds digit of d?
2
Let s(g) = -g**3 - 7*g**2 - 53*g - 39. What is the thousands digit of s(-23)?
9
Let t(n) be the second derivative of -40*n**3/3 + 47*n**2 + 73*n. What is the hundreds digit of t(-5)?
4
What is the units digit of 1010*(594/(-60) + 10)*478?
8
Suppose 0*j = 6*j - 4236. Suppose 1039 + j = 5*i. Suppose 0 = -3*o + 2*x + 174 + 87, 4*o - 3*x - i = 0. What is the tens digit of o?
8
Let x be ((-148)/(-1) - -1) + (9 - 12). Let y = x + 43. What is the units digit of (y/36)/(1/16)?
4
Suppose -4*x = 4*w - 648, -5*w - 162 = -6*w + 4*x. What is the tens digit of ((-7)/(28/(-30)))/(3/w)?
0
Let q(a) = 9*a**2 - 62*a + 156. Let c be q(44). Suppose 21*w - c = 10600. What is the thousands digit of w?
1
What is the thousands digit of 12151/2 + 220/88?
6
Suppose 2*d - 4*y = 25930, d - 7145 = 4*y + 5810. What is the units digit of d?
5
Suppose 0 = 3*f - 0*f + 2*a - 47, 16 = f + a. Let r be 24/f - 6/(-15). Suppose -384 = -6*z - r*z. What is the tens digit of z?
4
Let h = -6710 - -13228. What is the tens digit of h?
1
Let i = 3885 - 6437. Let l = 3757 + i. What is the tens digit of l?
0
Let f(q) = 2*q**2 + 16*q + 32. Let j be f(-5). Suppose -4*t = 3*z - 653 - 680, 3*z - 1309 = j*t. What is the tens digit of z?
3
Let r = -6 + 12. Suppose 2*z + 1 = 3*z. Suppose -5*x + r = z. What is the units digit of x?
1
Suppose 18*t + 5 = 41. Suppose 0 = t*f, 4*h - 2*f - 4279 = -947. What is the units digit of h?
3
Suppose -2*f - 2 = -3*c - 1, 0 = c - 1. Let d(m) be the second derivative of 27*m**5/10 + m**4/6 + m**3/3 - m**2 - 2*m. What is the tens digit of d(f)?
5
Suppose 11*d + 85 - 30 = 0. What is the tens digit of (-1)/(-5) - (519/d + 7)?
9
Let y = -291 - -239. Let v = y + 111. What is the tens digit of v?
5
Let u = 2 - 4. Let q be ((-36)/(-45))/(u/15). What is the units digit of (-232)/q + 5/15?
9
Suppose 2*d - 1960 - 3332 = 5*n, -d = 2*n - 2664. What is the tens digit of d?
5
Suppose -5*s = 2*x - 82274, -2178 = s - 2182. What is the hundreds digit of x?
1
Let j(d) = -98*d + 1418. What is the thousands digit of j(-113)?
2
Let g(s) = -15*s + 88. Let q be g(6). What is the tens digit of 23 + q/(-6)*-3?
2
Let p be (-2)/(2*-3)*(7 - 1). Suppose -88 - 54 = -p*u. Let c = 193 - u. What is the tens digit of c?
2
Let i(m) = 2*m**2 + 45*m + 5. Let x be i(-23). Suppose -x*l + 5797 = -17*l. What is the units digit of l?
7
Let o = -4111 - -5571. What is the units digit of o?
0
Suppose -4*j - 8288 = -8*j. Suppose 0 = -33*y + 31*y - q + j, 3*q + 3126 = 3*y. What is the tens digit of y?
3
Let w be 1442 - -7 - (-1 - -3). Let y = 2107 - w. Suppose 4*v + y = 5*j, 5*j - 30 - 670 = -4*v. What is the hundreds digit of j?
1
Let b(s) = 6 + 6 - 151*s + 3 + 21*s. Let r be b(-4). Suppose -3*w + v + 3*v + r = 0, 4*v = -16. What is the units digit of w?
3
Suppose -8 = -3*j - 2. Suppose 3*l - 1335 = -j*l. Suppose 0 = n + 4 + 1, -2*n = v - l. What is the tens digit of v?
7
What is the thousands digit of 2*((-345700)/(-350))/(20/(-14) + 2)?
3
Let y = 541 - 550. Let s(r) = -3*r**3 - 13*r**2 + 3*r. What is the tens digit of s(y)?
0
Suppose 5*r + 105 + 60 = 0. Let l = -28 - r. Suppose l*h - 4*u = -130 + 427, 3*u - 105 = -2*h. What is the units digit of h?
7
Let l(w) be the first derivative of 1/3*w**3 - 12*w + 11/2*w**2 - 10. What is the tens digit of l(-16)?
6
Let l = 67831 - 43467. What is the units digit of l?
4
Suppose 0 = -7*g - 46 + 221. What is the hundreds digit of 1560/g*5/2?
1
Let x(z) = 2*z**3 + 48*z**2 - 103*z - 44. What is the units digit of x(27)?
3
Let d = -24965 - -28246. What is the thousands digit of d?
3
Suppose -3*p + 4*p - 554 = 35907. What is the tens digit of p?
6
Suppose 5*w = 4*h - 21083 + 67881, 2*w - 3*h = 18729. What is the tens digit of w?
5
Let f(k) = 2*k + 20. Let c be f(-13). What is the tens digit of (1/(c/56))/((-54)/1377)?
3
Suppose 2*i = -14 + 10. What is the hundreds digit of (i + -456)/(-1)*4/2?
9
Let v = -733 - -1067. Let a = v - 87. What is the hundreds digit of a?
2
Suppose -635*g + 648*g = 13325. What is the thousands digit of g?
1
Suppose 3*j + 2*s = -2*s + 12, 0 = 5*j - 5*s - 20. What is the units digit of 2/(-4)*2625/(-6)*j?
5
Suppose -3*s + 4983 = -4*a,